 7/5. Determine m(q).
-6
Suppose 2*a - 2 = -0*t - 2*t, 0 = 4*a - 20. Let s(r) = 2*r + 2. Calculate s(t).
-6
Let w(h) = -6 + 6*h + 2*h + 5. Suppose -25 = s + 4*s. Let p be ((-5)/s)/(1 + 0). Determine w(p).
7
Let z(y) be the first derivative of y**4/4 - 4*y**3/3 - 3*y**2 - 5*y + 9. What is z(5)?
-10
Let u(z) = -z**3 - 2 - 2*z**2 - z + z. Let a(r) = -r**2 - 3*r - 3. Let x be (4/(-6))/((-8)/(-36)). Let y be a(x). Determine u(y).
7
Let d be 1 - -4 - 6/2. Let c(j) = -j**2 - j**3 - j + 1 - j**d + j**2. Let r be c(1). Let p(g) = g**2 + 3*g + 3. Give p(r).
1
Let v(l) = l**3. Let b(o) = -7*o**3 + 7*o**2 - 6*o + 7. Let f(c) = -b(c) - 6*v(c). Suppose 3*h - 12 = -0*h. Suppose -h*y = -17 - 7. What is f(y)?
-7
Let z(j) = j**3 - 2*j**2 - 2*j + 2. Suppose -4*o = 2*c + 30, -o + 4*c - 13 = 17. Let u be 8/o*10/(-4). Calculate z(u).
-2
Let t(s) be the third derivative of -s**5/60 - s**4/4 - s**3/6 - 12*s**2. What is t(-6)?
-1
Let f(i) = -i. Let b(n) = -n - 4*n + 7 + 4*n. Let u be b(6). Let c(m) = m**2 + 9*m + 3. Let a(q) = u*c(q) + 5*f(q). Determine a(-3).
0
Let u(l) = 4*l - 5. Let h be 7 + 1*(-3)/1. What is u(h)?
11
Let d(f) = f**3 + 5*f - 3. Let g(u) = u**2. Let i(q) = -d(q) + 5*g(q). Calculate i(4).
-1
Let s(x) = x**3 + 4*x**2 - 3*x + 6. Let f be s(-5). Let c(n) = -n**2 - 5*n + 3. Give c(f).
7
Let v(i) = -i**3 + 3*i**2 - 3. Let u(x) be the third derivative of -x**6/60 - x**5/15 - x**4/8 + 2*x**2. Let j be u(-2). Suppose 4*f - j = 2*f. Give v(f).
-3
Let n be 1/(-2)*(-18 - -6). Let g(s) = s - 3. What is g(n)?
3
Let s(y) be the second derivative of -3*y**5/10 - y**4/12 - y**3/6 + y**2/2 - 9*y. What is s(1)?
-7
Let t(g) be the third derivative of -g**5/60 - g**4/8 + 4*g**3/3 + 6*g**2. Determine t(-6).
-10
Let y(r) = -4*r + 16. Let c(z) = -7*z + 11. Let v(j) = -j. Let k(a) = c(a) - 4*v(a). Let q(d) = 7*k(d) - 5*y(d). Calculate q(5).
-8
Let u(q) = -q**3 + 3*q**2 + 5*q. Let m = -9 + 7. Suppose -3 = -3*v - 3*l + 18, -5*v = -2*l - 28. Let n = v + m. Calculate u(n).
4
Let s(a) = -a**3 - 4*a**2 - 2*a. Suppose -3*r + 1 = 2*t, 0 = -r + 5*t - 14 - 14. Give s(r).
-3
Let t(b) = b - 12. Let l = 1 - -8. Determine t(l).
-3
Let q(z) = 4 - 122*z - 4 + 124*z. Suppose -8 = -2*c, -25 = -5*p - 4*c - c. Let w = p - 2. Give q(w).
-2
Let w(d) = 5*d - 3. Let p(n) = 9*n - 6. Suppose -5 = 3*i + 7. Let r(m) = i*p(m) + 7*w(m). Calculate r(4).
-1
Suppose -2*t = -3*c - 1, -4*t + 31 = 4*c - 1. Let y = 8 - t. Suppose 4*w - 6 = y*w. Let r(b) = b**2 - 5*b - 5. Give r(w).
1
Let g(x) be the first derivative of x**5/120 + 3*x**4/8 - x**3/3 + 2. Let b(v) be the third derivative of g(v). Give b(-5).
4
Let y(o) be the second derivative of -o**6/720 - o**5/30 - o**4/3 - 4*o. Let n(h) be the third derivative of y(h). Determine n(-2).
-2
Let l(k) = 9*k**3 + k**2 - 2*k + 7. Let b(r) = 28*r**3 + 3*r**2 - 6*r + 20. Let u(n) = -6*b(n) + 17*l(n). What is u(1)?
-15
Let d(t) = -11*t**2 + 5*t + 11. Let s(w) = -5*w**2 + 2*w + 5. Let z(r) = 6*d(r) - 13*s(r). Let y = -6 - -10. Calculate z(y).
1
Let o(d) = d**2 + 6*d + 9. Let i be (-3)/(-4)*2*-4. Give o(i).
9
Let b = 149 - 143. Let a(j) = j**2 - 5*j - 6. Determine a(b).
0
Let i(n) = 4*n**3 - n**2 - n - 1. Let b(k) = 7*k + 7. Let o(x) = 3*x + 4. Let v(g) = -2*b(g) + 5*o(g). Let l be v(-7). Determine i(l).
-5
Let m(q) be the second derivative of -q**3/6 + q**2/2 + 2*q. Suppose 4*g - 7 = 13. Determine m(g).
-4
Let i(x) = -2*x - 1 - 5 + 8*x**2 - 8*x - 3 + x**3. Let v be i(-9). Let m(t) = -t**3 + t - 3. Determine m(v).
-3
Suppose -5 = -3*c + 4. Let o(w) = 0 + 4*w**2 - c*w - 5*w**2 + 2 - 3. Calculate o(-2).
1
Suppose -4*l - 33 = -5. Let t(w) = w**2 + 8*w - 2. Calculate t(l).
-9
Suppose -8 - 62 = 14*m. Let v(r) = -r**3 - 4*r**2 + r - 5. What is v(m)?
15
Suppose -49 = -3*d + 2*i, 4*d - 38 = 3*d + 5*i. Let l(f) = -d*f + 7*f**3 - 13*f + 26*f. What is l(-1)?
-7
Let v(i) = 7*i**3 - 9*i**2 + 13*i + 5. Let q(w) = 8*w**3 - 9*w**2 + 14*w + 5. Let p(d) = 6*q(d) - 7*v(d). Determine p(8).
3
Suppose 0*r = 3*d + 4*r - 2, 0 = 4*r + 16. Let x(l) = 2*l - 4. Calculate x(d).
8
Let a(p) be the third derivative of 1/24*p**4 + 0 + 0*p + p**2 + p**3. Let l = -6 - -3. What is a(l)?
3
Let i(k) be the first derivative of k**4 + k**2/2 - k + 56. What is i(1)?
4
Let a(f) = -4*f**2 + f - 3. Let d(w) = 5*w**2 + 4. Let b(j) = -6*a(j) - 5*d(j). Calculate b(-5).
3
Let h be (-63)/(-6)*(-10)/(-15). Let a(o) = o**3 - 7*o**2 - 1. Let w be a(h). Let s(b) = 6*b + 1. What is s(w)?
-5
Let l(n) = n**3 - 6*n**2 + n - 8. Let c(g) be the first derivative of -g**3/3 - 5*g**2/2 + 2*g - 2. Let h be c(-4). Determine l(h).
-2
Let p(c) = -7 + 2*c**3 - c**3 + 16*c**2 - 15*c**2 - c + 0*c. Determine p(0).
-7
Let i(p) = 11*p**2 - 6*p - 4. Let w be -1 + (-1)/((-3)/9). Let u(q) = -4*q**2 + 2*q + 1. Let z(k) = w*i(k) + 7*u(k). Let b be z(1). Let s(o) = -o. Give s(b).
5
Let b(o) = -o - 4*o**2 + 3*o**2 + 3 - o + 7*o. Calculate b(4).
7
Let q(g) = 7*g - 4. Let s(f) = 1 + 2 + 3*f - 5. Let u(i) = -2*q(i) + 5*s(i). What is u(-2)?
-4
Let o(f) = -f - 10. Let v(u) = 1. Let s(y) = -o(y) - 6*v(y). Calculate s(-10).
-6
Let j = 19 - 6. Let p(x) = 2 - 1 - 11*x + j*x + 7*x**3. Calculate p(-1).
-8
Suppose 75 = 9*t + 3. Let w(l) = 5*l + 12. Let i(u) = 3*u + 8. Suppose 0 = 2*q - 5*q - 15. Let h(x) = q*w(x) + t*i(x). Calculate h(2).
2
Let v(p) = -2*p**2 - 3*p + 1. Let h = 143 + -78. Let q be h/7 - (-2)/(-7). Let g = 6 - q. Determine v(g).
-8
Let d(v) = -v**2 + 3*v - 1. Suppose 0*j = -2*j + 6. Let n be d(j). Let r(w) = 0*w + 3*w - 4*w - w. What is r(n)?
2
Let g(q) be the first derivative of q**3/3 + q**2 + 2*q + 4. Determine g(-2).
2
Let c = 14 - 9. Suppose -1 = j - 3. Let t(f) = j*f**2 - 4 - 4*f + 2 - f**2. Give t(c).
3
Let a(i) = 2*i + 1. Let t be a(-1). Let l(y) be the first derivative of 5*y**4/2 + y**3/3 + y**2/2 + y - 11. What is l(t)?
-9
Let f(c) = -5*c**2 + 3 - 2 + 4 + 5*c + 4*c**2. Determine f(5).
5
Let q(m) be the first derivative of -m**3/3 + 3*m**2/2 - 2*m + 12. Determine q(5).
-12
Let m(p) = -5*p - 3*p - 6*p**2 + 9*p**2 - 2*p**2 + 3. Determine m(5).
-12
Let k(w) be the third derivative of -w**2 + 0 + 0*w + 1/2*w**3 - 1/12*w**4. Determine k(2).
-1
Suppose 2*t + 2*t = q + 1, -5*q + 87 = 3*t. Let k be (-2)/10 - (-63)/q. Let y(o) = -o**3 + 5*o**2 - o - 5. Give y(k).
7
Let m(l) = -16*l. Let k(q) = 17*q. Let n(o) = 3*k(o) + 2*m(o). What is n(-1)?
-19
Let q = 3 - 4. Let z = 4 + q. Let b(v) = 2*v**2 - 3*v - 2. Give b(z).
7
Let q(g) = -g - 1. Let c(w) = 9*w + 11. Let o(a) = -c(a) - 6*q(a). What is o(-5)?
10
Let q(z) be the third derivative of z**4/12 - z**3/6 + 23*z**2. Determine q(-2).
-5
Let x(p) = 4*p**2 - 5*p + 1 - p + 7*p + 0*p**2. Let b(v) be the first derivative of v**4/2 + 2*v**3/3 + v**2/2 + 2. Let w be b(-1). Determine x(w).
4
Let r(d) = -d**3 - 11*d**2. Suppose -5*p = 21 + 34. Give r(p).
0
Let b = -6 + 6. Let m(l) = l**3 + 8 + b*l**2 - 23*l + 19*l + 5*l**2. Calculate m(-6).
-4
Let q(z) = -12*z**2 - 1. Let f = 0 - 1. What is q(f)?
-13
Let s(t) = -t**2 - 3*t - 4. Suppose 0 = -17*q + 19*q + 6. Determine s(q).
-4
Let z(c) = c**3 + 5*c**2 + 6*c + 1. Let f be 2/(-12) - 69/18. Give z(f).
-7
Let h(y) = -y - 9. Let o be h(-6). Let r = -5 - -9. Let q(g) = 4*g + 2*g - r*g. What is q(o)?
-6
Let i(u) = u + 5. Let l(r) = r**2 + 5*r. Let x be l(-6). Let w(q) = 6. Let o(t) = x*i(t) - 5*w(t). Suppose -3*m - 8 + 5 = 0. Give o(m).
-6
Let f be (6 - (9 - 5))*-1. Let d(c) = 2*c**3 + 2*c**2 - 2*c. What is d(f)?
-4
Let x(z) = z - 9. Let u(h) = h - 10. Let k(r) = 4*u(r) - 3*x(r). Let w be k(14). Let q(t) = 5*t**3 - t**2 + 2*t - 1. What is q(w)?
5
Let k(w) = w + 5. Let b be k(8). Suppose -5*y - 2 = 2*m + b, -4*y - 35 = -3*m. Let j = y - -6. Let l(o) = o**2 + 2*o - 1. Determine l(j).
2
Let f be (5 - -1)*4/8. Let t(v) be the second derivative of -v**5/20 + v**4/4 + 3*v**2/2 + 2*v. What is t(f)?
3
Let u(j) = 5*j - 2 - 39*j**3 + 40*j**3 - 6*j**2 - j. What is u(5)?
-7
Let g(d) be the second derivative of d**5/60 + d**4/24 + 3*d**3/2 - 5*d. Let h(z) be the second derivative of g(z). Determine h(-2).
-3
Let l(y) = -2 + 0*y + 0*y + y + y**3. Let v(p) = p + 2. Let z be v(3). Let r be z + -3 - (-1 + 1). Determine l(r).
8
Let n(p) = -p**2 + 5*p - 2. Let l = -3 - -7. Let q be n(l). Suppose q*d + 2*d - 12 = -2*b, -14 = -3*b - 5*d. Let o(z) = 3*z + 2. Calculate o(b).
-4
Let